et s(y) = -5*l(y) - 8*w(y). What is s(4)?
-4
Let w(b) = -16*b**2 + 389*b - 389. Let f be w(1). Let j(x) = x**3 + 15*x**2 - 13*x + 51. What is j(f)?
3
Let a(o) = 12 - 20 - o + 17. Let m be 7 + -4 + 0/(-3). Suppose 32 = k + m*k. What is a(k)?
1
Let n(d) = -d**3 - 3*d**2 - 3*d - 2. Suppose -3*f - 5*g = 8, 6 = -2*g + 4. Give n(f).
-1
Let i(z) = 4*z**2 + 26*z**2 - 4*z**2 - 35*z**2 + 2 + 7*z + 7*z**2 + 3*z**2. Let x = -4 - -4. Suppose x*f = f + 6. Give i(f).
-4
Let b(z) = 3*z**3 - 7*z**2 + 24*z - 14. Let m(k) = k**3 - 2*k**2 + 8*k - 4. Let w(r) = 4*b(r) - 11*m(r). What is w(5)?
3
Let m(u) be the first derivative of -u**3/3 - 7*u**2 + 11*u + 4744. Give m(-11).
44
Let z = -163 - -175. Suppose 6*f - z = -6*f. Let u(r) be the first derivative of -3*r**4/2 - r**3/3 + r**2/2 - r - 17. Calculate u(f).
-7
Suppose 2*x + 13 = j + 3*x, 59 = 5*j - x. Let c = -660 - -668. Let t = c - j. Let w(k) = k**2 + 3*k + 2. What is w(t)?
6
Let l(j) = j**3 - 1. Let u(i) = i**3 - i**2. Let w(x) = 2*l(x) - u(x). Let z(c) = 5*c**3 + 10*c**2 - c - 12. Let p(n) = 6*w(n) - z(n). Calculate p(3).
-6
Let g(d) = -d**2 + 14*d + 27. Let h be (-3325)/(-77) - (-4)/(-22). Suppose 2*s - 5*s = -4*u - 44, -5*u - h = -3*s. Determine g(s).
-5
Let i(p) be the third derivative of p**6/120 + 83*p**5/60 + 83*p**4/12 + 107*p**3/2 - p**2 + 5314*p. What is i(-81)?
-3
Let y = 40 + -39. Suppose y + 2 = n. Let x(f) = 2 - f**3 + 4*f**2 + 2*f**n - 2*f - f**3 - f**3. Give x(4).
-6
Let z(o) = 295*o + 11. Let c(x) = 28*x + 1. Let w(s) = -12*c(s) + z(s). What is w(1)?
-42
Suppose -17*h - 2*q = -20*h - 15, -4*q + 23 = -5*h. Let o(a) = -a**2 - 8*a + 12. Give o(h).
19
Suppose 0 = -5*a + 5*w - 2985, -w - 1339 = 3*a + 452. Let s = -598 - a. Let d(l) = -6*l**3 - l. Give d(s).
7
Let u = -7 - -16. Let j(z) = 12*z + 1450 - z**2 - 482 - 483 - 482 - 3*z. Determine j(u).
3
Let i(o) = -1 + 2*o + 1 - 1. Let n be (-10 + (-477)/(-54))*-6. Calculate i(n).
13
Let m(u) = u**2 - 57*u - 1. Let k(q) = 3*q**2 - 122*q + 27. Let j(s) = k(s) - 2*m(s). Calculate j(12).
77
Let l(q) = q**3 + 10*q**2 + 10*q + 3. Let i(a) = a**2 + 26*a - 416. Let h be i(11). Calculate l(h).
-6
Let b(h) be the first derivative of h**4/4 + 2*h**3 - 9*h**2/2 - 10*h - 38. Let c = 62 - 69. Give b(c).
4
Let r(l) = -10*l**3 + 70*l**2 - 122*l + 91. Let z(n) = n**3 - 7*n**2 + 12*n - 9. Let b(j) = -2*r(j) - 21*z(j). Let u = -10 - -16. Calculate b(u).
-5
Let d be -5 - 24*(-13)/39. Let b(m) = -m**3 + 3*m**2 - 2*m - 1. Determine b(d).
-7
Let q = -46 - -48. Suppose -5*k - q = -37. Let j(a) = -2 + 1 - a**3 + 4 + 7*a**2 - k*a - 4. Calculate j(6).
-7
Let k(o) = 8*o. Let w be (-8)/(-24)*15 + -2. Let f(x) = 6*x. Let j(n) = w*f(n) - 2*k(n). What is j(-9)?
-18
Let j(k) be the first derivative of k**2/2 - 13*k + 2647. Determine j(25).
12
Let p(l) = -1. Let q(b) = -b - 4. Let y(f) = 4*p(f) + q(f). Suppose -3*s + 82 = -56. Suppose -2*a - 5*x + 39 = -0*x, 5*x - s = -3*a. What is y(a)?
-15
Let w(y) be the third derivative of -y**5/60 + y**4/24 + 67*y**3/6 - 1047*y**2. Determine w(-7).
11
Let a(m) = m**2 - 4*m + 2. Let i be a(4). Suppose 0 = 95*p - 3233 - 1422. Let b(u) = 93*u - p*u + u**2 - i - 50*u. What is b(7)?
5
Let a(d) be the second derivative of -d**4/12 - 7*d**3/6 - 17*d**2/2 + 659*d. What is a(-11)?
-61
Suppose x = 11*x - 50. Let c(o) = -6*o**2 + 10*o - 11. Let f(v) = -7*v**2 + 11*v - 13. Let g(y) = x*f(y) - 6*c(y). Determine g(4).
-3
Let g(l) = -178 - 160 + 448 - 150 - 34*l. Determine g(-1).
-6
Let r(l) = 5*l**2 - 3*l. Suppose 4*s = -2*b, b + 2 = -0*s - s. Determine r(s).
14
Let n(z) = 5*z + 1. Suppose -35*r = -24*r. Let u = 6 - 3. Suppose r = 4*k + u + 1. What is n(k)?
-4
Let u = 4103 - 4117. Let k(l) = -l**2 - 13*l - 21. Give k(u).
-35
Suppose -725 + 3701 = p - 125*p. Let d(m) = -2*m**2 - 49*m - 1. Give d(p).
23
Let z(l) = 2*l**2 - 23*l - 10. Let v(i) = i**3 + 17*i**2 - 62*i - 31. Let q be v(-20). Suppose h = 5*y - 58, 22 = -8*y + q*y + 5*h. Determine z(y).
2
Let m(j) = j**2 - 4*j - 11. Let i(f) = -f**2 + 16*f - 44. Let a be i(4). Calculate m(a).
-11
Let x(r) = r**2 + 8*r - 3. Let j be 51/(-6) - 15/(-10). Let w be x(j). Let u(t) = -t - 5. Calculate u(w).
5
Let f(l) = -l + 14. Let a be f(14). Suppose 5*v + 25 = a, 6*v - 10*v - 15 = 5*r. Let c(i) = -i**2 - 2*i + 1. Determine c(r).
-2
Let f be (1 - (-5 + 7))*14/(-2). Let d(i) = 2*i - 21*i**3 + 18*i**3 + 2*i**3 + f - 5*i**2. Let r = -16 + 11. Determine d(r).
-3
Let i(m) = -10*m**2 + m**3 - 19*m**2 - 3 + 0*m**3 - 6*m - 10*m**2 + 42*m**2. Determine i(-4).
5
Suppose 28*o - 225 = -28*o + 31*o. Let h(x) = x**2 + 6*x - 127. Calculate h(o).
8
Let n(t) = t**2 - 8*t + 13. Suppose -87 + 287 = 37*v - 281. Give n(v).
78
Suppose -22*s + 6*s = 320. Let v be 8/s + (-14)/(-10). Let k(c) = 34*c**2 - c + 1. Calculate k(v).
34
Let x(w) be the third derivative of w**6/120 - 7*w**5/60 - w**4/24 + w**3/6 + 11*w**2 - 59. Suppose -5*b - 29 + 4 = 0, -19 = -2*n + b. What is x(n)?
-6
Suppose -2*k + 24 = 4*w - 0*k, -w - 3*k = -16. Let g(v) be the third derivative of -v**5/60 + 5*v**4/24 - 2*v**3/3 + 92080*v**2. Give g(w).
0
Let n(t) = -t**3 + t**2 + t - 12. Let h(d) = -35 + 86 - 23*d - 189. Let p be h(-6). Determine n(p).
-12
Let y be -2*(-1)/(-11) - 105*(-17)/561. Let s(g) be the first derivative of 2*g + 1/4*g**4 + 5/3*g**y - 8 + 3*g**2. What is s(-4)?
-6
Let s = 109 + -124. Let f be (s + 16)*((-3)/3 - -1). Let o(t) = -t**2 + t - 10. Calculate o(f).
-10
Let q(z) = -5*z**3 + 8*z**2 + 28*z - 16. Let y(t) = -3*t**3 + 3*t**2 + 14*t - 11. Let c(v) = -4*q(v) + 7*y(v). What is c(-10)?
27
Let z be 10 + ((-2)/14 - 2600/273). Let q(x) be the third derivative of 1/60*x**6 - 1/30*x**5 + 0 - z*x**3 + 8*x**2 + 0*x + 1/12*x**4. Determine q(2).
10
Let u(j) = -j**3 - 17*j**2 - j + 1. Let x = 7253 + -7270. Calculate u(x).
18
Let w = 84 + -75. Let u(a) = -434 + 214 + a**3 + w*a**2 + 212 - 12*a. Calculate u(-10).
12
Let a = -5 + 10. Let r(s) = -2*s**2 - 6 + s - 2*s**2 + a*s**2. Suppose 0 = 25*g + 2*g + 113 + 22. Calculate r(g).
14
Let c(m) = 3*m + 29. Let g(x) be the second derivative of -4*x**3/3 + 107*x**2/2 + 250*x. Let n be g(15). Give c(n).
-10
Let d be 120/(-32)*10/(-75). Let u(i) be the first derivative of d*i**2 - 7 + i - 9/2*i**4 + 1/3*i**3. Determine u(-1).
19
Let l(x) = -6*x + 173. Suppose 50*y - 98*y = -62*y + 462. Give l(y).
-25
Let c(g) = -g**3 - 12*g**2 - 10*g + 1. Suppose 0 = 125*p + 75*p + 2400. Calculate c(p).
121
Let k(y) = -4*y**2 - 3*y. Suppose -152*h + 282 = -293*h. Calculate k(h).
-10
Let l(h) = -h. Let x be 72/60*20/6. Suppose 0 = -13*v + 9 + x. Let u be (1 - v)/3*2/(-4). Calculate l(u).
0
Let p(j) be the first derivative of 8/3*j**3 + 0*j - 1/8*j**4 + 0*j**2 - 1/360*j**6 + 1/15*j**5 + 21. Let q(i) be the third derivative of p(i). Give q(7).
4
Let y(q) = 26*q + 372. Let p(l) = -13*l - 187. Let k(c) = -7*p(c) - 3*y(c). Calculate k(-12).
37
Suppose -2*j + 4 = 0, a - 4*a + 4*j = 5. Let m(x) = a - x**3 - 78*x**2 + 157*x**2 - 78*x**2. Determine m(0).
1
Let b(n) = -n**3 - n**2 - 2*n. Suppose 34*d = 36*d - 26. Let y be d + -9 + 3/2*-4. Give b(y).
8
Let r(q) be the third derivative of 233*q**4/24 - 233*q**3/3 - 49*q**2 - 141. Calculate r(2).
0
Let a = 2554 - 914. Let i be 1/5 - a/200. Let r(o) = -o**3 - 7*o**2 + 9*o + 7. What is r(i)?
-1
Let d(i) be the first derivative of i**3 + 4*i - 1302. Give d(-2).
16
Let k(n) be the third derivative of -n**7/5040 + n**6/30 + 19*n**5/60 + n**2 + 31. Let r(m) be the third derivative of k(m). What is r(0)?
24
Let b(g) = 7*g + 91. Let d be (132/(-55))/(100/750). Calculate b(d).
-35
Let i(k) = -11*k - 2. Suppose 0 = 4*g - 2*t + 972, -2*g + 5*g + 2*t = -715. Let b = -243 - g. Calculate i(b).
20
Let b(j) be the second derivative of -91*j - 5/3*j**3 + j**2 + 0. Determine b(3).
-28
Let w(y) = -4*y. Let l be w(1). Let u(x) be the third derivative of 13*x**2 - 1/8*x**4 + 0 + 3*x - 2/3*x**3. Give u(l).
8
Suppose -3*x + 92 = -2*y - 2*y, -5*x + 2*y = -172. Suppose 216*l - 222*l = -x. Let i(a) = -a**2 + 5*a + 14. Give i(l).
8
Let b be 2/(-16) + (-9264)/(-384). Suppose -3*s + n + b + 1 = 0, -2*n + 20 = s. Let g(o) = o**3 - 12*o**2 + 21*o - 5. Calculate g(s).
5
Let s(u) = 30*u - 2*u + 11 + 10*u**2 + 9*u - u - 29. Determine s(-4).
-2
Let m = 13 + -18. Let f(h) be the first derivative of 3*h**2/2 + 13*h - 218. Let c(w) = w + 2.